alculate the highest common factor of 2757566 and 16492.
14
What is the greatest common divisor of 147 and 55203414?
21
Calculate the greatest common divisor of 484983 and 1692.
9
What is the greatest common divisor of 88128 and 51936?
96
What is the greatest common factor of 23860 and 1085040?
20
What is the highest common factor of 340 and 710830?
10
What is the highest common divisor of 2332 and 8575612?
212
Calculate the highest common divisor of 112 and 120488270.
14
Calculate the highest common factor of 61023456 and 3276.
468
What is the greatest common factor of 21408 and 7351418?
446
What is the greatest common divisor of 2106699 and 2625?
21
Calculate the greatest common factor of 115510 and 4090.
10
What is the highest common divisor of 1739 and 94574810?
47
What is the greatest common factor of 13512558 and 564?
6
Calculate the greatest common factor of 43334360 and 80.
40
What is the highest common divisor of 9798 and 1086?
6
Calculate the greatest common factor of 1254554666 and 6172.
3086
Calculate the highest common factor of 1960 and 2655780.
20
What is the highest common factor of 43780140 and 1653?
87
Calculate the greatest common divisor of 33704 and 62568.
88
What is the greatest common factor of 11045520 and 1560?
120
What is the highest common factor of 2386558 and 1179?
131
Calculate the greatest common factor of 2473180 and 25.
5
Calculate the highest common factor of 480700 and 2715100.
1900
Calculate the highest common factor of 3628 and 6540377.
907
What is the greatest common factor of 138 and 79186838?
46
Calculate the highest common factor of 19862550 and 450.
450
Calculate the greatest common divisor of 121124268 and 3132.
108
Calculate the greatest common divisor of 1368 and 14881617.
171
What is the greatest common factor of 2721365 and 10?
5
What is the greatest common factor of 1826 and 38851802?
1826
What is the highest common divisor of 451 and 2843456?
11
What is the highest common divisor of 734 and 3756?
2
Calculate the highest common divisor of 8073 and 3299764.
299
What is the greatest common divisor of 27 and 17914455?
9
Calculate the highest common divisor of 1018098 and 95681.
163
What is the highest common factor of 33 and 687?
3
Calculate the greatest common factor of 263369784 and 60.
12
What is the highest common factor of 275613 and 728?
13
What is the highest common divisor of 106149 and 96?
3
What is the highest common factor of 1184 and 39245728?
32
What is the highest common divisor of 14664595 and 5445?
605
Calculate the highest common divisor of 354410 and 3647434.
854
What is the highest common factor of 9550425 and 15225?
2175
Calculate the greatest common divisor of 4 and 29805196.
4
Calculate the highest common divisor of 660 and 15746610.
330
Calculate the greatest common factor of 31552 and 699712.
1856
What is the highest common factor of 169296 and 2208?
48
What is the highest common divisor of 4209 and 24789607?
1403
What is the greatest common factor of 12210 and 20605263?
111
What is the highest common factor of 26008747 and 13527?
167
Calculate the highest common divisor of 43620 and 205710.
30
What is the highest common factor of 565 and 28379837?
113
What is the highest common divisor of 992 and 5073952?
32
Calculate the greatest common divisor of 45 and 12663.
9
Calculate the highest common divisor of 749 and 106330394.
107
What is the greatest common divisor of 743200764 and 204?
204
Calculate the greatest common factor of 37046734 and 316.
158
What is the highest common divisor of 5054634 and 1638?
234
Calculate the greatest common factor of 117218 and 326714.
2494
Calculate the highest common factor of 6502056 and 1122.
66
Calculate the highest common divisor of 7964 and 76780.
44
Calculate the greatest common divisor of 19521 and 1511311.
241
What is the highest common divisor of 5917736 and 16632?
88
What is the greatest common factor of 27 and 1274811?
3
Calculate the highest common divisor of 1326073 and 91.
7
What is the highest common divisor of 6513309 and 95469?
363
Calculate the highest common divisor of 7258563 and 156.
39
What is the highest common factor of 95727510 and 323?
323
Calculate the highest common divisor of 10498 and 3089950.
58
What is the highest common factor of 310 and 777232?
62
Calculate the highest common factor of 50468 and 14531121.
407
Calculate the highest common factor of 697319 and 301.
7
Calculate the highest common divisor of 3547900 and 999673.
2087
Calculate the greatest common factor of 32628 and 131009577.
8157
Calculate the greatest common divisor of 21696 and 27492.
12
What is the greatest common divisor of 24901497 and 21173?
683
What is the greatest common factor of 148231458 and 12?
6
What is the highest common divisor of 47908 and 850780?
1652
What is the greatest common factor of 34141284 and 3104?
388
What is the highest common divisor of 118162018 and 3224?
806
What is the greatest common factor of 121615020 and 270?
270
What is the greatest common factor of 147650530 and 1784?
446
What is the highest common divisor of 9558 and 35492742?
162
Calculate the highest common factor of 13544207 and 152.
19
What is the greatest common factor of 13 and 12620231?
13
Calculate the highest common factor of 47775 and 31325.
175
What is the highest common factor of 130416 and 19477128?
5016
Calculate the greatest common factor of 2403066 and 7242.
426
What is the greatest common divisor of 5376 and 949102?
14
What is the greatest common divisor of 161647 and 121?
1
What is the greatest common factor of 18291 and 965939?
871
Calculate the highest common factor of 2460 and 100280424.
492
Calculate the highest common factor of 6900348 and 13650.
546
What is the highest common factor of 45777755 and 305?
305
What is the greatest common factor of 166242027 and 7881?
213
What is the greatest common factor of 137061 and 99?
9
Calculate the highest common divisor of 286 and 60871668.
286
What is the highest common factor of 28 and 104596?
4
What is the greatest common factor of 9444123 and 50297?
689
Calculate the greatest common factor of 1629220 and 198070.
290
What is the highest common divisor of 219641 and 743471?
919
What is the highest common factor of 576 and 530687520?
288
What is the greatest common divisor of 410 and 2037110?
10
Calculate the greatest common factor of 1149335 and 32945.
55
Calculate the highest common factor of 1496 and 21541244.
68
What is the greatest common divisor of 7726138 and 3721?
61
Calculate the highest common factor of 1724 and 31002692.
1724
What is the highest common factor of 843752 and 15372?
1708
What is the highest common divisor of 525580 and 73810?
110
What is the highest common divisor of 654280 and 6560?
40
What is the highest common divisor of 258 and 12095814?
258
Calculate the highest common factor of 4566188 and 8593.
661
Calculate the greatest common factor of 205854 and 224367.
33
Calculate the greatest common divisor of 204 and 52132557.
51
Calculate the highest common divisor of 319006953 and 1516.
379
What is the greatest common divisor of 180389993 and 854?
427
Calculate the greatest common divisor of 13348 and 1163264.
284
Calculate the greatest common factor of 14637 and 1869231.
861
What is the highest common factor of 5 and 78925530?
5
What is the greatest common divisor of 1333779197 and 194?
97
What is the greatest common divisor of 185 and 62139169?
37
What is the highest common factor of 58 and 4704612?
58
Calculate the highest common divisor of 95 and 37533455.
95
Calculate the highest common divisor of 133701 and 615.
123
Calculate the highest common divisor of 820 and 17249930.
410
Calculate the highest common divisor of 26354944 and 13552.
1232
Calculate the greatest common factor of 24700739 and 721.
721
Calculate the highest common factor of 36 and 350307.
9
What is the greatest common divisor of 4667 and 15375611?
359
Calculate the highest common factor of 1972 and 7344408.
68
Calculate the greatest common divisor of 9 and 10074087.
9
What is the highest common factor of 235965 and 45?
15
What is the highest common factor of 72506817 and 243?
9
Calculate the greatest common divisor of 2667 and 1922655.
21
Calculate the highest common divisor of 322100 and 7463057